28805?
6
What is the tens digit of 85627?
2
What is the ten thousands digit of 2613801?
1
What is the hundred thousands digit of 815320?
8
What is the hundreds digit of 1124530?
5
What is the hundred thousands digit of 8809787?
8
What is the thousands digit of 1886786?
6
What is the thousands digit of 3563930?
3
What is the units digit of 294647?
7
What is the ten thousands digit of 92932?
9
What is the tens digit of 3644404?
0
What is the hundred thousands digit of 163941?
1
What is the units digit of 8335488?
8
What is the hundred thousands digit of 941372?
9
What is the tens digit of 1738481?
8
What is the tens digit of 323770?
7
What is the tens digit of 2223500?
0
What is the ten thousands digit of 1717336?
1
What is the tens digit of 9392716?
1
What is the units digit of 4613246?
6
What is the millions digit of 9678882?
9
What is the hundred thousands digit of 170764?
1
What is the millions digit of 3835226?
3
What is the tens digit of 355270?
7
What is the tens digit of 252875?
7
What is the ten thousands digit of 2587090?
8
What is the hundred thousands digit of 2584679?
5
What is the ten thousands digit of 3011846?
1
What is the ten thousands digit of 927806?
2
What is the ten thousands digit of 165905?
6
What is the hundreds digit of 2346461?
4
What is the thousands digit of 256331?
6
What is the hundreds digit of 18730588?
5
What is the hundreds digit of 4443910?
9
What is the units digit of 11564266?
6
What is the hundred thousands digit of 878349?
8
What is the hundred thousands digit of 10389323?
3
What is the units digit of 2383999?
9
What is the tens digit of 288994?
9
What is the tens digit of 33870581?
8
What is the thousands digit of 127594?
7
What is the hundreds digit of 708072?
0
What is the units digit of 3306403?
3
What is the tens digit of 283793?
9
What is the millions digit of 1224926?
1
What is the hundred thousands digit of 358146?
3
What is the thousands digit of 2673547?
3
What is the thousands digit of 394886?
4
What is the units digit of 32196?
6
What is the ten thousands digit of 28708044?
0
What is the hundred thousands digit of 199072?
1
What is the units digit of 904021?
1
What is the tens digit of 534714?
1
What is the ten thousands digit of 4796729?
9
What is the hundreds digit of 5383017?
0
What is the units digit of 17776?
6
What is the tens digit of 7253345?
4
What is the hundred thousands digit of 831642?
8
What is the hundreds digit of 969090?
0
What is the hundred thousands digit of 274810?
2
What is the hundred thousands digit of 5954829?
9
What is the thousands digit of 899844?
9
What is the millions digit of 25597017?
5
What is the ten thousands digit of 20812068?
1
What is the ten thousands digit of 11981017?
8
What is the thousands digit of 838312?
8
What is the hundreds digit of 15421843?
8
What is the units digit of 2710722?
2
What is the tens digit of 13900628?
2
What is the hundreds digit of 20984385?
3
What is the tens digit of 2193783?
8
What is the units digit of 760025?
5
What is the hundred thousands digit of 285619?
2
What is the ten thousands digit of 66097?
6
What is the ten thousands digit of 296362?
9
What is the ten thousands digit of 779888?
7
What is the tens digit of 323316?
1
What is the hundreds digit of 277529?
5
What is the millions digit of 8247360?
8
What is the ten thousands digit of 405303?
0
What is the tens digit of 246311?
1
What is the hundred thousands digit of 1137547?
1
What is the hundred thousands digit of 296904?
2
What is the tens digit of 3831767?
6
What is the hundreds digit of 1125533?
5
What is the hundreds digit of 496366?
3
What is the hundreds digit of 3886628?
6
What is the ten thousands digit of 3460724?
6
What is the thousands digit of 428842?
8
What is the thousands digit of 1119365?
9
What is the ten thousands digit of 535706?
3
What is the units digit of 322562?
2
What is the units digit of 402250?
0
What is the units digit of 110454?
4
What is the units digit of 3269264?
4
What is the ten thousands digit of 396983?
9
What is the thousands digit of 5347995?
7
What is the tens digit of 284557?
5
What is the ten thousands digit of 18735?
1
What is the ten thousands digit of 1030971?
3
What is the hundred thousands digit of 16443670?
4
What is the ten thousands digit of 1339957?
3
What is the hundred thousands digit of 721753?
7
What is the ten thousands digit of 5055883?
5
What is the units digit of 20057410?
0
What is the hundreds digit of 7787170?
1
What is the ten thousands digit of 206292?
0
What is the units digit of 358132?
2
What is the tens digit of 7534028?
2
What is the hundreds digit of 49172?
1
What is the millions digit of 1312716?
1
What is the hundred thousands digit of 1780394?
7
What is the units digit of 25486?
6
What is the ten thousands digit of 2406268?
0
What is the hundred thousands digit of 9897507?
8
What is the units digit of 606547?
7
What is the units digit of 1315618?
8
What is the hundreds digit of 4189588?
5
What is the millions digit of 4061713?
4
What is the units digit of 28433658?
8
What is the hundred thousands digit of 329409?
3
What is the tens digit of 4599715?
1
What is the tens digit of 191225?
2
What is the hundred thousands digit of 590198?
5
What is the millions digit of 3291629?
3
What is the hundred thousands digit of 147893?
1
What is the units digit of 258635?
5
What is the millions digit of 1000819?
1
What is the ten thousands digit of 33453?
3
What is the tens digit of 292533?
3
What is the tens digit of 52901?
0
What is the thousands digit of 71458?
1
What is the units digit of 415481?
1
What is the tens digit of 1243487?
8
What is the hundred thousands digit of 1718688?
7
What is the millions digit of 1282006?
1
What is the hundreds digit of 1083317?
3
What is the millions digit of 16599349?
6
What is the hundred thousands digit of 913040?
9
What is the hundreds digit of 569254?
2
What is the hundred thousands digit of 1953634?
9
What is the thousands digit of 6085886?
5
What is the hundreds digit of 22352?
3
What is the units digit of 239741?
1
What is the units digit of 1820050?
0
What is the ten thousands digit of 1059995?
5
What is the ten thousands digit of 5988056?
8
What is the units digit of 16798483?
3
What is the hundreds digit of 10225626?
6
What is the hundreds digit of 1022253?
2
What is the thousands digit of 11619990?
9
What is the millions digit of 2917961?
2
What is the thousands digit of 174562?
4
What is the tens digit of 498779?
7
What is the units digit of 312570?
0
What is the hundreds digit of 360167?
1
What is the units digit of 125176?
6
What is the units digit of 166259?
9
What is the tens digit of 915072?
7
What is the thousands digit of 6121177?
1
What is the tens digit of 668511?
1
What is the thousands digit of 2898657?
8
What is the thousands digit of 4555728?
5
What is the hundred thousands digit of 2430456?
4
What is the units digit of 14479490?
0
What is the millions digit of 17014326?
7
What is the tens digit of 3206419?
1
What is the hundreds digit of 200698?
6
What is the thousands digit of 6810158?
0
What is the units digit of 1585048?
8
What is the tens digit of 474894?
9
What is the millions digit of 22673378?
2
What is the hundreds digit of 330978?
9
What is the hundred thousands digit of 19270734?
2
What is the units digit of 6954554?
4
What is the ten thousands digit of 1124523?
2
What is the units digit of 388105?
5
What is the hundred thousands digit of 207132?
2
What is the units digit of 46256?
6
What is the thousands digit of 161030?
1
What is the ten thousands digit of 3804134?
0
What is the thousands digit of 263349?
3
What is the hundreds digit of 1322451?
4
What is the units digit of 38736?
6
What is the units digit of 655022?
2
What is the thousands digit of 26478625?
8
What is the tens digit of 3035153?
5
What is the hundreds digit of 204222?
2
What is the units digit of 3990124?
4
What is the hundreds digit of 132235?
2
What is the hundreds digit of 7570629?
6
What is the hundreds digit of 309263?
2
What is the thousands digit of 4178120?
8
What is the ten thousands digit of 11350756?
5
What is the units digit of 6092812?
2
What is the thousands digit of 13918886?
8
What is the hundred thousands digit of 13244011?
2
What is the tens digi